{"id":14,"date":"2022-03-09T16:14:13","date_gmt":"2022-03-09T16:14:13","guid":{"rendered":"https:\/\/opg-kukic.hr\/?page_id=14"},"modified":"2022-03-16T14:20:09","modified_gmt":"2022-03-16T14:20:09","slug":"kontakt-2","status":"publish","type":"page","link":"https:\/\/opg-kukic.hr\/index.php\/kontakt-2\/","title":{"rendered":"Kontakt"},"content":{"rendered":"<h6 style=\"text-align: center;\">OPG STJEPAN KUKI\u0106<br \/>\nGornji varo\u0161 6<br \/>\n35435 Stara Gradi\u0161ka<br \/>\n091\/586-4601<\/h6>\n<p>&nbsp;<\/p>\n<p style=\"text-align: center;\"><iframe loading=\"lazy\" style=\"border: 0;\" src=\"https:\/\/www.google.com\/maps\/embed?pb=!1m18!1m12!1m3!1d45021.83457252891!2d17.180624731447555!3d45.149337891619616!2m3!1f0!2f0!3f0!3m2!1i1024!2i768!4f13.1!3m3!1m2!1s0x47675cdf04bf2c11%3A0xac0451f477cf9145!2sGornji%20Varo%C5%A1!5e0!3m2!1shr!2shr!4v1647437224842!5m2!1shr!2shr\" width=\"600\" height=\"450\" allowfullscreen=\"allowfullscreen\"><\/iframe><\/p>\n","protected":false},"excerpt":{"rendered":"<p>OPG STJEPAN KUKI\u0106 Gornji varo\u0161 6 35435 Stara Gradi\u0161ka 091\/586-4601 &nbsp;<\/p>\n","protected":false},"author":1,"featured_media":27,"parent":0,"menu_order":0,"comment_status":"closed","ping_status":"closed","template":"","meta":{"footnotes":""},"class_list":["post-14","page","type-page","status-publish","has-post-thumbnail","hentry"],"_links":{"self":[{"href":"https:\/\/opg-kukic.hr\/index.php\/wp-json\/wp\/v2\/pages\/14","targetHints":{"allow":["GET"]}}],"collection":[{"href":"https:\/\/opg-kukic.hr\/index.php\/wp-json\/wp\/v2\/pages"}],"about":[{"href":"https:\/\/opg-kukic.hr\/index.php\/wp-json\/wp\/v2\/types\/page"}],"author":[{"embeddable":true,"href":"https:\/\/opg-kukic.hr\/index.php\/wp-json\/wp\/v2\/users\/1"}],"replies":[{"embeddable":true,"href":"https:\/\/opg-kukic.hr\/index.php\/wp-json\/wp\/v2\/comments?post=14"}],"version-history":[{"count":9,"href":"https:\/\/opg-kukic.hr\/index.php\/wp-json\/wp\/v2\/pages\/14\/revisions"}],"predecessor-version":[{"id":67,"href":"https:\/\/opg-kukic.hr\/index.php\/wp-json\/wp\/v2\/pages\/14\/revisions\/67"}],"wp:featuredmedia":[{"embeddable":true,"href":"https:\/\/opg-kukic.hr\/index.php\/wp-json\/wp\/v2\/media\/27"}],"wp:attachment":[{"href":"https:\/\/opg-kukic.hr\/index.php\/wp-json\/wp\/v2\/media?parent=14"}],"curies":[{"name":"wp","href":"https:\/\/api.w.org\/{rel}","templated":true}]}}